common factor of l and 248?
31
Let y(o) = o + 26. Let h be y(-13). What is the greatest common factor of 78 and h?
13
Let n(x) = x**3 + 7*x**2 - 3. Let g(z) = z**3 + 8*z**2 - z - 4. Let f(y) = 3*g(y) - 4*n(y). Let r be f(-4). What is the greatest common divisor of 6 and r?
6
Suppose 0 = -2*n - 0*s + 3*s - 7, -4*n = -2*s + 10. Let b = 23 - n. What is the highest common factor of b and 10?
5
Let b be 6/4 + 105/(-10). Let q be (-322)/b + 4/18. What is the highest common divisor of q and 9?
9
Suppose g - 4*g + 18 = 0. Suppose -g*h = -3*h - 693. Calculate the greatest common divisor of 21 and h.
21
Let c be 2/(4/6) + 7. Let f = 7 - 4. Let s be (-220)/2*(2 - f). Calculate the greatest common factor of s and c.
10
Let j = -61 - -87. Let a be -5*((-16)/(-10) - 2). Suppose -4*s + 0*o - o = -50, -o + 24 = a*s. What is the highest common factor of j and s?
13
Suppose b + 3*l - 3 = -13, 20 = b - 3*l. Suppose -b*q = -38 - 17. Calculate the greatest common divisor of 99 and q.
11
Suppose -6*o + 131 + 355 = 0. Calculate the greatest common divisor of 27 and o.
27
Let t(n) = -n**3 + 2*n**2 + n - 2. Let x be t(-3). Calculate the greatest common factor of x and 5.
5
Suppose -15 = -5*y - 5*j, -y - y - 4*j = 0. Let z = y + -3. Let h be 1/((-628)/210 + z). Calculate the greatest common factor of h and 42.
21
Let w be -2*(-2 - -3)/2. Let a be (-6 - 1/(-1))*w. What is the highest common factor of 5 and a?
5
Let q(x) = -3*x - 30. Let m be q(-12). Calculate the highest common divisor of m and 54.
6
Let m = -7 - -25. Suppose -4*a + 338 = -a + 5*n, -428 = -4*a - n. Let h = a - 61. Calculate the highest common factor of h and m.
9
Suppose -4*l + 96 = -0*l. What is the highest common factor of 8 and l?
8
Suppose -j + 18 = -5. Let z = j + -11. Let o = z + 5. Calculate the highest common divisor of o and 85.
17
Suppose 0*o + 285 = 5*o. What is the greatest common divisor of o and 19?
19
Suppose -4*t = -7*t + 330. Suppose 24 + 56 = 4*b. Suppose 0 = -3*m - m - 2*x + t, b = m + 2*x. What is the greatest common divisor of m and 75?
15
Let f be (3/6*-2)/1. Let r be f/4 + 3095/(-20). Let g = -111 - r. Calculate the greatest common factor of 11 and g.
11
Suppose -6*g + 24 = -2*g. Let p = 4 + g. Suppose 6 = 4*y - 54. Calculate the greatest common divisor of p and y.
5
Let x be 0 + 1 - (-33 + -1). Calculate the highest common factor of 7 and x.
7
Suppose -h - 3*h - 2*f = -12, -1 = -h - f. Suppose 0 = 3*o - u - 34, 0*o - o + 2 = -h*u. What is the highest common factor of o and 36?
12
Let v = -346 - -536. Let w(y) = 6*y + 3. Let t be w(10). Suppose g + g + 15 = k, -3*k - 3*g = -t. What is the greatest common divisor of k and v?
19
Suppose -2*l - 2*l - 86 = 2*c, -4*l - 5*c - 101 = 0. Let s be 3 + -1 - (l - -1). Let z be 1 - (-1 + -1 + -47). What is the greatest common divisor of z and s?
10
Suppose -5*o + 3*p - 2*p = -22, -o = 2*p. Suppose 4*j - o*g = 44, g - 40 = -3*j - 3*g. Calculate the greatest common divisor of 132 and j.
12
Suppose -35 = -z - 5. What is the highest common divisor of 6 and z?
6
Suppose 0 = 21*s - 73 + 10. What is the highest common divisor of s and 1?
1
Let r be ((-1)/4 - 66/24) + 39. Suppose 3*w - 8 = -2. Suppose -w*g + 4 = -g. Calculate the highest common factor of g and r.
4
Let t = -16 - -20. Suppose -d + 2*m = t*d - 168, -2*d + 76 = -3*m. Calculate the highest common divisor of d and 4.
4
Let s(f) be the second derivative of -f**5/5 + f**3/6 + 4*f. Let c be s(-1). What is the greatest common divisor of c and 3?
3
Let m(y) = y**2 - 4*y - 2*y - y**2 + 4 + y**2. Let s be m(7). Calculate the highest common divisor of s and 22.
11
Let g = -8 + 10. Let a be g/4*7*8. Suppose -4 = -m - 4*h + 54, 0 = m + 3*h - 54. Calculate the greatest common divisor of m and a.
14
Let p be (2 - 0)/((-2)/(-3)). Suppose p*v - 11 - 109 = 0. Calculate the greatest common factor of 10 and v.
10
Let g = -56 - -140. Suppose -x - 3*h = -36, -2*x + g = 4*h - 2*h. What is the highest common factor of x and 15?
15
Let s = 5 + -3. Suppose 6 = s*l - 4. Suppose 3*m - 43 - 77 = -4*u, -m - l*u = -51. What is the highest common divisor of m and 18?
18
Let d = 3 + 0. Let l be 4/d*(-15)/(-2). Let f = 9 - -1. What is the highest common factor of l and f?
10
Let u(c) = c**2 - 4. Let k be u(5). Let r(q) = 5*q**2 + 5*q + 1. Let j be r(4). Suppose 844 = 5*n - j. What is the highest common factor of n and k?
21
Suppose -2*o = -6, 2*a - 9 = -5*o + 44. What is the highest common factor of a and 152?
19
Suppose 0 = -2*m + 4. Suppose -10 = -3*d + 5*b, m*b + 22 = 4*d - d. What is the greatest common factor of d and 50?
10
Suppose 0 = 2*g - 4*i, -g - 5*i = 4*g - 60. Suppose -63 = -5*f - g. Suppose 5*r = 15 + 150. What is the highest common factor of f and r?
11
Suppose 174 - 14 = 4*m. Suppose 0 = -5*c - m + 370. Let q(i) = 2*i**2 - 5*i + 3. Let o be q(3). Calculate the highest common divisor of c and o.
6
Suppose 3*q - 5*w - 50 - 120 = 0, -2 = 2*w. Calculate the highest common divisor of q and 5.
5
Let c be 4/(16/(-7))*-16. Calculate the highest common factor of c and 70.
14
Let a(v) = -v**3 + v - 6. Let h be a(0). Let o(w) = w**3 + 7*w**2 + 4*w - 5. Let r be o(h). Let p = r + -3. What is the highest common factor of p and 44?
4
Suppose r = 2*r - 20. Suppose -2*o + 2*u + 322 = u, -4*u = 2*o - 312. What is the highest common divisor of o and r?
20
Suppose 4*m = -4*i + 32, -3*i - m + 3*m + 24 = 0. Let o be -1 + 2 + -1 + 8. Let w be ((-30)/o)/((-2)/i). What is the highest common divisor of w and 6?
3
Let q = 67 - 167. Let w = -138 + -7. Let k = q - w. Calculate the greatest common divisor of 30 and k.
15
Let r(i) = 2*i - 5. Let q be r(4). Suppose 4*d - 66 = 2*y, 0*d + q*y - 37 = -2*d. Calculate the highest common factor of 85 and d.
17
Suppose 3*u + 2*u - 2*w = 11, -3*u = 5*w + 12. Calculate the greatest common factor of 9 and u.
1
Let r(q) = q**3 - 10*q**2 + 6*q - 15. Let h be r(10). What is the highest common factor of h and 18?
9
Let t = -148 + 239. Suppose 149 = 3*y - t. What is the greatest common divisor of 10 and y?
10
Suppose -5*a - 40 = -270. Suppose a = -5*f - 0*u - 3*u, 5*f + 34 = 3*u. Let g(c) = -11*c. Let z be g(f). What is the greatest common divisor of z and 8?
8
Let n = 7 - 4. Let c(b) = -2*b - n*b - 2 + 4. Let u be c(-2). Calculate the greatest common divisor of 6 and u.
6
Let q be (-123)/(-7) - (-24)/56. What is the highest common factor of 36 and q?
18
Let g = -7 + 73. Let w(o) = o**2 + o. Let q be w(-3). Calculate the greatest common divisor of g and q.
6
Let d = 37 + -59. Let y = 47 + d. What is the highest common divisor of y and 10?
5
Let d = -38 + 110. Let w = 12 + -4. Calculate the highest common divisor of w and d.
8
Suppose i + 4*i = 70. Suppose -10*m + 5 + 135 = 0. What is the greatest common factor of i and m?
14
Let v(g) = -2*g + 0*g + g. Let d be v(-6). Suppose 9*y - 4*y - 150 = 0. What is the greatest common factor of y and d?
6
Let a = -43 - -60. Calculate the greatest common factor of a and 187.
17
Suppose -2*d + l = -5*d + 12, -2*d + 3*l = -19. Let c = 5 - d. Suppose -3*g = -3*x + 96, c*x = -x - g + 28. What is the greatest common factor of x and 45?
15
Let r(g) = -g**3 - 2*g**2 + 3*g + 2. Let i be r(-2). Let v be (2/i)/((-1)/42). Calculate the greatest common divisor of v and 147.
21
Let m(y) = y**3 + 7*y**2 + 8*y + 4. Let l be m(-5). Calculate the highest common factor of 112 and l.
14
Let y = -1 - -5. Suppose -2*g + 0 - y = 0. Let a be (g - -5) + -3 + 12. What is the highest common divisor of 96 and a?
12
Suppose 4*i + 10 - 58 = 0. Let s(w) = -w + 10. Let t = -6 + 12. Let g be s(t). What is the greatest common divisor of g and i?
4
Suppose -4*b + 72 = -132. Suppose 5*w = 2*w, 4*w - 34 = -2*u. What is the greatest common factor of b and u?
17
Let b(l) = 2*l**2 - 2*l - 2. Let c be b(4). Suppose 0 = a - 4*a + 4*r + 120, 4*a = -3*r + 185. What is the highest common divisor of a and c?
22
Let p(l) = -l**2 + l. Let c(f) = f**3 + 3*f**2 - 4*f - 9. Let v(m) = -c(m) - 4*p(m). Let g be v(0). What is the greatest common divisor of g and 81?
9
Suppose 0*r = 2*r + 4. Let m be 12/16 - r/8. What is the highest common factor of m and 7?
1
Let o be (-3)/(0 - 6/32). Let d be (-60)/(-18)*3/5. Calculate the highest common factor of o and d.
2
Let m be (8/10)/(2/120). Calculate the highest comm